7
Suppose 2*b = -0*b - 228. Let m = -29 - b. Suppose 5*v = 4*h + 174, v - 36 = 2*h - 0*h. Calculate the highest common divisor of m and v.
17
Suppose -2*c = -7*c + 4*p + 45, -5*p = 3*c + 10. Suppose c*k - 60 = -0*k. Calculate the highest common factor of k and 132.
12
Let n(a) = a**3 + 10*a**2 + 5*a + 3. Let y be n(-7). Calculate the greatest common factor of y and 23.
23
Suppose -150*i + 231 = 2*p - 145*i, 2*p - i - 213 = 0. What is the highest common divisor of p and 378?
54
Suppose k + 2*k - 441 = 4*y, 0 = -4*y. What is the highest common divisor of k and 539?
49
Let p be 5*1/2*2/1. Suppose -4*s + 444 = 4*h, s = p*h - 0*h + 105. Calculate the greatest common factor of 11 and s.
11
Suppose 0 = -8*q + 4014 + 1690. What is the greatest common factor of 23 and q?
23
Let n(h) = -7*h - 3. Let a be n(-3). Suppose -180 = -18*g + 8*g. What is the greatest common factor of g and a?
18
Let l = -291 + 863. Suppose -2*b = -4*s + l, -4*s - 5*b = -0*s - 586. Calculate the greatest common factor of s and 18.
18
Let n be 4*(1 - -2)*1183/26. Calculate the highest common divisor of 455 and n.
91
Let j be 119 + ((-1)/(-4) - (-23)/4). What is the highest common factor of j and 5?
5
Suppose -16*m + 33 + 63 = 0. Let f be (-8)/(-28) - (-32)/(-14). Let h = f + 8. What is the greatest common factor of h and m?
6
Let a = -148 + 338. Calculate the highest common factor of 38 and a.
38
Suppose 4*a + 58 = -102. Let x be 1/4 - 70/a. Suppose -x*i = 2*p - 18, 4*p - p = -i + 7. Calculate the greatest common factor of 30 and i.
10
Let s(p) = p**2 - 2*p - 1. Let f be s(-1). Suppose -f - 6 = -g. Suppose 4*u - 48 = -2*l, 2*l = -4*u - u + 60. What is the greatest common divisor of g and u?
4
Let j = 5 - 2. Suppose 180 = 4*u + d, -3*u + j*d - d = -135. Suppose 3*w - 3 = -0*w, -2*a + 29 = -w. Calculate the greatest common factor of u and a.
15
Let d = -71 + 107. Let y = 3234 + -3210. Calculate the greatest common factor of y and d.
12
Suppose 32 = -5*c + x, x - 6 = 3*x. Let z = c - -17. Let r = -247 - -251. Calculate the highest common factor of r and z.
2
Suppose 0 = 4*i - 9*i + 140. Suppose 6 + 1 = x. Calculate the highest common divisor of x and i.
7
Let k = 292 - -1. Suppose 10*c + 113 - k = 0. What is the highest common divisor of 90 and c?
18
Let n(c) = c**3 - c**2 - c. Let m be n(2). Suppose -15 = -0*x - 3*x. Let b = x - 3. What is the highest common factor of b and m?
2
Suppose 3*d + 23 = -2*o - 16, 5 = -d. Let z be 42/o*(2 + -1*4). Calculate the greatest common divisor of z and 1.
1
Let t(d) = -38*d - 35. Let x be t(-7). What is the greatest common divisor of 66 and x?
33
Let b be (-1 + 0)*6/2. Let y be b/9*-3*29. Suppose -55 = -2*w - 3*u + 2*u, 2*w - 67 = 3*u. What is the greatest common factor of w and y?
29
Suppose -96 = -173*a + 169*a. What is the highest common divisor of a and 32?
8
Let z = -116 - -215. Calculate the greatest common divisor of z and 429.
33
Suppose 9*b - 112 = 7*b. Let k be (-5 + 6)*14/1. What is the highest common divisor of k and b?
14
Suppose 4*a - 84 = 4*u, 0 = -5*a - 4*u + 4 + 74. Let p = a + 0. What is the greatest common factor of 12 and p?
6
Suppose 269 = -7*a - 459. Let p = 182 + a. Calculate the highest common factor of 117 and p.
39
Let b = -98 - -178. Suppose 0 = 42*j - 38*j - 128. Calculate the greatest common divisor of j and b.
16
Let r = 23 + -8. What is the greatest common factor of r and 2?
1
Suppose -11*p + 1800 = 13*p. What is the greatest common divisor of 120 and p?
15
Suppose 14 = -4*l - 2*u + 32, 0 = 5*u - 15. Let z(x) = 21*x**3 - x**2 + 1. Let b be z(1). Calculate the highest common divisor of l and b.
3
Let z be (-4)/2 + 5 + 5/(-1). Let r = 13 - z. Calculate the greatest common factor of r and 30.
15
Let i be (166 - 0) + (-4)/(-8)*4. Suppose -11*c - i = -17*c. Calculate the highest common divisor of 42 and c.
14
Let y be 4/((-2)/1 + 6)*77. Calculate the highest common divisor of 28 and y.
7
Suppose w + y = -w + 22, 0 = 5*w + 3*y - 56. Suppose w*z - 864 = 4*z. Calculate the highest common factor of z and 24.
24
Let n be (-4)/(-2 + 3) + 10/2. Suppose -4 = -7*y + 10. What is the highest common factor of n and y?
1
Suppose 0 = 2*k - 13 - 7. Let g(f) = -8*f**3 - 3*f**3 - 9*f + 10*f**2 + 4 + k*f**3. Let u be g(9). What is the highest common factor of u and 28?
4
Let q be (8/10)/((-2)/(-5)). Suppose q*l - 2 = 2. Suppose 0 = l*z + z - 63. Calculate the highest common divisor of 21 and z.
21
Let x be ((-1184)/8)/(-4) - (-5 - 0). Let r = 14 - 36. Let i = -16 - r. What is the highest common divisor of i and x?
6
Suppose 4*o = 2*r - 84, 2*o = 2*r - 12 - 70. Suppose 22 = 5*k - 3*v, -k + 5 = k - 5*v. Calculate the greatest common divisor of r and k.
5
Let n(r) = 3*r**2 + 1. Let g be n(-1). Suppose 5*w = g*w. Suppose w = -3*t + 173 - 2. Calculate the highest common divisor of 38 and t.
19
Let k(a) = -5*a**2 - 256*a - 9. Let s be k(-51). What is the greatest common factor of s and 882?
42
Let h = -188 - -276. Let q = -9385 + 9396. What is the greatest common divisor of q and h?
11
Let h(r) = 8*r**2 + 125*r + 42. Let l be h(-18). What is the highest common factor of 36 and l?
12
Let l = 11 - 6. Suppose -4*n + 4*w + 8 = -4, -3*n + w = -13. Calculate the highest common divisor of l and n.
5
Let d(x) = x**2 - 4. Let m be 2/(-6) + (-88)/(-3). Suppose -l + m = 5*s, 3*s = -2*l + 3 + 13. Let r be d(s). Calculate the greatest common factor of r and 4.
4
Let n = 155 + -105. Suppose -4*i - 3*j = -25, -36*i + 38*i - 5 = -3*j. What is the highest common factor of n and i?
10
Let k(s) = 84*s - 17. Let y be k(4). What is the highest common factor of 29 and y?
29
Suppose -26 = -3*j + 4*m, 3*j + 0 = -m + 16. Let l be (0 - 2)*15/(-2). Calculate the greatest common factor of l and j.
3
Let z be (8/(-12))/1*-39. Let a = 101 - z. Calculate the greatest common divisor of a and 30.
15
Suppose 5*z - 3*z - 74 = 0. Calculate the highest common factor of z and 481.
37
Suppose 2*f + t = -3*t + 32, -4*f - t + 57 = 0. Suppose 5*p - 265 - 464 = -3*l, -3*l + 705 = -3*p. Calculate the greatest common divisor of l and f.
14
Let h = -61 + 42. Suppose 0 = 2*u - 4*u - 6. Let l = u - h. Calculate the highest common divisor of 24 and l.
8
Suppose -29*y = -36*y + 147. Calculate the highest common divisor of y and 15.
3
Let w = 1078 + -894. Calculate the highest common factor of 644 and w.
92
Suppose 6 - 70 = -8*l. Suppose 0 = -k + 3*q + 14, -5*k + 11 = 2*q - l. Let n be -1 - (-1)/((-2)/(-82)). What is the highest common divisor of n and k?
5
Suppose 5*g + 528 = q + 200, -4*q = 4*g - 1312. Calculate the greatest common factor of q and 738.
82
Let s(x) = x**3 + 23*x**2 + 14*x - 36. Let v be s(-22). Suppose -v = -8*z - 2*z. What is the highest common factor of 28 and z?
14
Let v(n) = 4*n**2 + 3*n - 3. Let b be v(-3). Let o = -8 + 13. Suppose 4*c = -3*f + 61, -o*c + f = -79 - 2. What is the greatest common factor of b and c?
8
Let m = -5 - -7. Suppose 0 = -m*v + 5*v - 510. Suppose -c - 11 = -g - 32, -73 = -5*c - 3*g. What is the highest common divisor of c and v?
17
Let g = 52 + -52. Let i(v) = v**3 - 2*v + 20. Let u be i(g). Let l = 6 - -4. Calculate the highest common factor of u and l.
10
Suppose 2*u - 71 - 265 = 0. Let o be 1 - 1 - 0/(-6 + -3). Suppose o = 2*n - 3*n + 21. Calculate the greatest common factor of u and n.
21
Suppose -423 - 807 = -6*x. Suppose q = 3*a - 0*a + 46, -4*q + 5*a = -x. Suppose -3*u = -8*u + q. What is the highest common divisor of 22 and u?
11
Let i(d) = 13*d + 224. Let t be i(14). What is the highest common divisor of 464 and t?
58
Let u = -19 - -39. Suppose 0 = 47*m - 43*m - u. Calculate the greatest common factor of m and 5.
5
Let n = 35 + -15. Let m be 6/(-4)*n/(-15). Let f = m + 6. Calculate the highest common factor of 32 and f.
8
Suppose 0 = z + 3*l - 8, -2*l + 17 = 4*z - 5*l. What is the greatest common divisor of z and 10?
5
Let m(w) = w**2 + 4*w - 164. Let l be m(-15). Calculate the greatest common divisor of l and 43.
1
Suppose 5*r - 36 = r. Let n(m) = 3*m + 7*m - m**3 - 9*m**2 - r + m + 2*m**3. Let o be n(8). Calculate the highest common divisor of 10 and o.
5
Let n(c) = -104*c - 120. Let y be n(-3). Calculate the highest common factor of y and 120.
24
Suppose a + 3 + 6 = 0. Suppose -c = -2*l + 73, 9*c = 4*c - 4*l - 365. Let j be c/(-3) 